 prime number?
True
Is 4719241 a composite number?
False
Is 53803 a prime number?
False
Is 30499471 a composite number?
False
Is 9391579 composite?
True
Is 598210769 prime?
False
Is 51010247 a composite number?
True
Is 105402335 a prime number?
False
Is 511822526 prime?
False
Is 1760653 a composite number?
True
Is 162642199 a prime number?
False
Is 2712001 composite?
False
Is 3691931 prime?
False
Is 8376691 composite?
False
Is 88600409 prime?
False
Is 182039257 a composite number?
False
Is 999013 composite?
True
Is 120936427 composite?
False
Is 292846 a prime number?
False
Is 9328183 prime?
False
Is 5400511 a prime number?
True
Is 4618529 a prime number?
True
Is 938911 a prime number?
False
Is 47833 a prime number?
False
Is 32401277 composite?
False
Is 67009337 prime?
True
Is 14285833 a composite number?
True
Is 28724294 a prime number?
False
Is 1074322493 prime?
False
Is 113497453 a prime number?
True
Is 16137089 a composite number?
False
Is 10086827 a prime number?
True
Is 1390531 prime?
False
Is 752667 prime?
False
Is 3936871 prime?
False
Is 6875513 prime?
True
Is 5866519 a composite number?
False
Is 1895563 composite?
False
Is 1708717 a prime number?
True
Is 1893323 composite?
True
Is 27302393 a prime number?
True
Is 1970177 composite?
True
Is 27662959 prime?
True
Is 13485587 prime?
True
Is 8317871 a composite number?
False
Is 816379 a composite number?
True
Is 16202239 a prime number?
False
Is 2047349 prime?
True
Is 689551 a prime number?
True
Is 112312891 composite?
False
Is 825883 prime?
True
Is 1054615 prime?
False
Is 48261359 composite?
False
Is 13798559 prime?
True
Is 44888831 a prime number?
False
Is 6399509 a composite number?
False
Is 209241749 composite?
False
Is 80110497 a composite number?
True
Is 5065619 a composite number?
True
Is 725683339 a composite number?
False
Is 302617553 a composite number?
True
Is 3099245 a prime number?
False
Is 308171 prime?
False
Is 105071 composite?
False
Is 1932181 composite?
False
Is 612779873 a composite number?
False
Is 20670757 a composite number?
False
Is 184522061 a composite number?
False
Is 2825411 a composite number?
False
Is 130699 a composite number?
False
Is 62975351 composite?
False
Is 775009 prime?
False
Is 133640233 prime?
True
Is 76835543 a prime number?
False
Is 2304047 prime?
False
Is 196156221 composite?
True
Is 245251 prime?
True
Is 9505783 prime?
False
Is 2400703 a composite number?
False
Is 19590707 composite?
True
Is 39396989 a prime number?
True
Is 6989927 a prime number?
False
Is 2419265 prime?
False
Is 13207921 prime?
True
Is 379381867 prime?
True
Is 6194687 prime?
False
Is 736759229 composite?
False
Is 103052377 a prime number?
True
Is 635123 a composite number?
True
Is 13759747 a composite number?
False
Is 1645859 composite?
True
Is 12595553 composite?
False
Is 12484865 prime?
False
Is 13814519 prime?
True
Is 7056355 prime?
False
Is 29634313 a composite number?
True
Is 214645049 composite?
False
Is 16435103 a prime number?
True
Is 111385933 prime?
True
Is 15183761 prime?
True
Is 29307009 a prime number?
False
Is 789209257 a composite number?
False
Is 19593551 a composite number?
False
Is 922993 a composite number?
False
Is 5746793 prime?
False
Is 5694389 a prime number?
True
Is 2134579 composite?
False
Is 48011771 a composite number?
False
Is 77929489 a composite number?
True
Is 4228447 composite?
True
Is 2043295 composite?
True
Is 21676007 prime?
True
Is 446041 prime?
True
Is 3102151 composite?
True
Is 148730797 composite?
False
Is 63733853 prime?
True
Is 89494555 a composite number?
True
Is 1659637 a composite number?
True
Is 648911 composite?
False
Is 8222299 a composite number?
True
Is 89286049 a composite number?
True
Is 128021 a composite number?
False
Is 40067 composite?
True
Is 91282057 a composite number?
True
Is 19325041 a prime number?
True
Is 17242933 prime?
False
Is 129641791 a prime number?
False
Is 2311273 a prime number?
False
Is 385249 a composite number?
False
Is 12212969 prime?
False
Is 886087 composite?
True
Is 29624849 a composite number?
False
Is 11170273 prime?
True
Is 1803703 a composite number?
True
Is 52761595 prime?
False
Is 43451 composite?
False
Is 276179873 prime?
False
Is 74794 prime?
False
Is 3753338 a prime number?
False
Is 25605347 a composite number?
True
Is 62381822 composite?
True
Is 923171 composite?
False
Is 4110493 prime?
True
Is 3436501 composite?
False
Is 2614767 a prime number?
False
Is 318648061 prime?
True
Is 233726719 a prime number?
False
Is 5466497 composite?
False
Is 158547551 a composite number?
False
Is 4534549 a composite number?
False
Is 1826239 composite?
False
Is 1535581 a prime number?
True
Is 13908223 composite?
True
Is 6286433 a composite number?
False
Is 268314185 a composite number?
True
Is 7216523 prime?
False
Is 29046449 prime?
True
Is 135980267 prime?
True
Is 27726107 composite?
True
Is 362521 composite?
False
Is 16308791 composite?
True
Is 6769639 a composite number?
False
Is 8664365 a prime number?
False
Is 157288951 a prime number?
True
Is 491394419 a composite number?
False
Is 57109931 composite?
True
Is 1524871 composite?
False
Is 493393 prime?
True
Is 163795829 composite?
False
Is 24846151 a composite number?
True
Is 85129939 a composite number?
False
Is 113137 a composite number?
True
Is 48718499 composite?
False
Is 151897 prime?
True
Is 12615553 composite?
True
Is 675197 prime?
True
Is 13356173 composite?
False
Is 513120539 prime?
True
Is 29665261 composite?
True
Is 322597615 composite?
True
Is 282098803 composite?
True
Is 693929 a composite number?
True
Is 243077215 a composite number?
True
Is 755221 prime?
False
Is 177904283 a composite number?
True
Is 145939477 a prime number?
True
Is 181002149 composite?
True
Is 12749137 composite?
True
Is 7625591 a prime number?
True
Is 486023 prime?
True
Is 5141177 prime?
True
Is 289839295 composite?
True
Is 1620071 composite?
False
Is 2301119 a prime number?
True
Is 61504097 prime?
True
Is 40370093 composite?
True
Is 3243722 composite?
True
Is 18755183 prime?
True
Is 64910179 a composite number?
False
Is 1913339 a prime number?
False
Is 66313337 prime?
True
Is 1158239 a prime number?
False
Is 19371626 composite?
True
Is 64582901 a prime number?
True
Is 74284771 a composite number?
True
Is 15014677 a prime number?
True
Is 36630403 prime?
True
Is 2851265 composite?
True
Is 16572551 prime?
True
Is 12839479 a composite number?
True
Is 4534099 prime?
True
Is 376723 a prime number?
False
Is 714438187 a composite number?
True
Is 4114087 composite?
False
Is 996511 composite?
False
Is 72493999 composite?
True
Is 7937821 a composite number?
True
Is 1712041 a prime number?
False
Is 2783821 a prime number?
True
Is 4940681 a composite number?
True
Is 243195311 a composite number?
True
Is 2087161 composite?
False
Is 2303057 a composite number?
False
Is 1157789 prime?
False
Is 7402303 composite?
False
Is 1059251 prime?
True
Is 16848847 prime?
True
Is 1303729 composite?
True
Is 2983163 prime?
True
Is 8299609 composite?
True
Is 26789839 a prime number?
False
Is 18009383 a prime number?
False
Is 309707171 a prime number?
True
Is 24272383 a composite number?
True
Is 9679909 composite?
False
Is 3546781 a composite number?
True
Is 6295195 composite?
True
Is 549403 a prime number?
True
Is 46475333 a prime number?
False
Is 9153311 a composite number?
False
Is 58979 composite?
False
Is 3384313 a composite number?
False
Is 2822879 prime?
True
Is 74363143 a prime number?
False
Is 201920981 a composite number?
False
Is 103762583 a prime number?
False
Is 136351099 a composite number?
False
Is 3934421 composite?
False
Is 101938055 a composite number?
True
Is 19300133 a prime number?
False
Is 22199927 a prime number?
False
Is 2083889 composite?
False
Is 7398577 a composite number?
False
Is 3264553 prime?
True
Is 3069631 a prime number?
False
Is 4375193 prime?
True
Is 76853761 composite?
False
Is 4565839 a composite number?
False
Is 13343411 composite?
True
Is 56867821 a prime number?
True
Is 6586561 a composite number?
False
Is 13516703 a prime number?
True
Is 16397033 composite?
False
Is 2452753 composite?
False
Is 19515997 a composite number?
False
Is 1397897 prime?
False
Is 1598689 composite?
False
Is 514309 prime?
True
Is 11403139 a composite number?
True
Is 42357691 a composite